{"id":3773,"date":"2023-05-11T09:05:40","date_gmt":"2023-05-11T09:05:40","guid":{"rendered":"https:\/\/platinkumas.com.tr\/?post_type=product&#038;p=3773"},"modified":"2023-05-11T09:05:42","modified_gmt":"2023-05-11T09:05:42","slug":"jakar-flamli-suprem","status":"publish","type":"product","link":"https:\/\/www.platinkumas.com.tr\/?product=jakar-flamli-suprem","title":{"rendered":"JAKAR FLAMLI S\u00dcPREM"},"content":{"rendered":"<p>PAMUK \/ POLYESTER KARI\u015eIMLI FLAMLI S\u00dcPREM<\/p>\n<p>En : 180 cm<\/p>\n<p>Gramaj : 230 gr ile 300 gr aras\u0131 yap\u0131labiliyor.<\/p>\n<p>&nbsp;<\/p>\n","protected":false},"excerpt":{"rendered":"<p>PAMUK \/ POLYESTER KARI\u015eIMLI FLAMLI S\u00dcPREM En : 180 cm Gramaj : 230 gr ile 300 gr aras\u0131 yap\u0131labiliyor. &nbsp;<\/p>\n","protected":false},"featured_media":3774,"comment_status":"open","ping_status":"closed","template":"","meta":[],"product_cat":[35],"product_tag":[],"_links":{"self":[{"href":"https:\/\/www.platinkumas.com.tr\/index.php?rest_route=\/wp\/v2\/product\/3773"}],"collection":[{"href":"https:\/\/www.platinkumas.com.tr\/index.php?rest_route=\/wp\/v2\/product"}],"about":[{"href":"https:\/\/www.platinkumas.com.tr\/index.php?rest_route=\/wp\/v2\/types\/product"}],"replies":[{"embeddable":true,"href":"https:\/\/www.platinkumas.com.tr\/index.php?rest_route=%2Fwp%2Fv2%2Fcomments&post=3773"}],"wp:featuredmedia":[{"embeddable":true,"href":"https:\/\/www.platinkumas.com.tr\/index.php?rest_route=\/wp\/v2\/media\/3774"}],"wp:attachment":[{"href":"https:\/\/www.platinkumas.com.tr\/index.php?rest_route=%2Fwp%2Fv2%2Fmedia&parent=3773"}],"wp:term":[{"taxonomy":"product_cat","embeddable":true,"href":"https:\/\/www.platinkumas.com.tr\/index.php?rest_route=%2Fwp%2Fv2%2Fproduct_cat&post=3773"},{"taxonomy":"product_tag","embeddable":true,"href":"https:\/\/www.platinkumas.com.tr\/index.php?rest_route=%2Fwp%2Fv2%2Fproduct_tag&post=3773"}],"curies":[{"name":"wp","href":"https:\/\/api.w.org\/{rel}","templated":true}]}}